 - 2. Let g(o) = -2*o**2 + 7*o + 25 + 3*o**2 - 16. Let i be g(-6). Let z be 21/6 - (6/4)/i. What is s(z)?
-11
Let i be 7*-1 - 147/21. Let c = i + 15. Let s(v) = -5*v. What is s(c)?
-5
Let n(a) = 4*a**3 + 20*a**2 + a + 25. Let j be n(-5). Let c(h) = 67*h - j*h - 41*h. Determine c(1).
6
Suppose -2*p = -4*p + 2*l - 326, -5*l = -p - 179. Let g be 2/(-12) + p/18. Let d(s) = -s**3 - 10*s**2 - 9*s + 1. Determine d(g).
1
Let l(x) = 3*x**3 + 2*x**2 - 5*x + 19. Let r(y) = -y**3 - y**2 - 11. Let u(b) = -l(b) - 2*r(b). Suppose 4*d + 9 = -3. What is u(d)?
15
Let z(o) = -2*o + 3*o - 4*o + 11 + o**2 - 11*o + 0. Give z(13).
-2
Let h(z) = z**3 + 4*z**2 - 7*z - 8. Let f be h(-5). Let o be (-2 - 28/(-16))/(f/(-16)). Let b(w) = -5200*w**o + 5199*w**2 - w + 1 - w**3 - 8. Determine b(0).
-7
Let b(j) = 85*j - 179. Let a(w) = 23*w - 45. Let t(g) = 11*a(g) - 3*b(g). What is t(18)?
6
Let v(k) be the first derivative of 11*k + 0*k**2 + 47 + 1/4*k**4 + 10/3*k**3. Give v(-10).
11
Suppose 954*t = 2005*t - 997*t - 108. Let l(z) be the third derivative of -1/6*z**4 + 0 - 15*z**t + 0*z - 1/3*z**3. Determine l(-2).
6
Suppose 7*l + 45 + 140 = 52. Let i(o) = -3*o - 63. Give i(l).
-6
Let g(s) = 5*s + 791*s**3 + 4*s**2 - 21*s - 19 - 790*s**3. Calculate g(-6).
5
Suppose -5*g = 5*i + 65, 56*i + 4 = 55*i. Let u(d) = d**3 + 9*d**2 + 31. What is u(g)?
31
Let h(l) = -l**2 - 3*l - 2 + 2*l + 10 + 5*l. Let y be (14 + (-161)/7)*(16/(-6))/4. Determine h(y).
-4
Let b(y) = y**2 + 15*y + 16. Let h be b(-14). Let x(l) = 12*l - 1 + 10*l - 41*l + 11*l**h + 17*l. Give x(1).
8
Let d(q) be the second derivative of -1 - 47*q - 1/2*q**3 + 0*q**2 + 1/6*q**4. Determine d(2).
2
Let m(c) = -2*c**3 + 3 + 19*c - c**3 + 12*c**2 - 10*c**2 - 20*c. Let o(i) = -i**3 + i**2 + 1. Let t(k) = m(k) - 4*o(k). Determine t(3).
5
Let j(m) be the second derivative of -m**5/20 + 11*m**4/6 + 47*m**3/6 + 21*m**2/2 - 970*m - 1. Give j(24).
-3
Let f(z) be the first derivative of 7*z**3/3 + z**2 - z - 1. Let m be 2*(6 + (-2)/(-1) - (160 - 153)). Give f(m).
31
Let a = -1 + 2. Let y(j) = -a + 1 + 3 - j. Let s be (-40)/(-16)*(62/5 - (42 + -32)). Calculate y(s).
-3
Suppose -2*r - 8 = -4*r. Let t(v) = 6*v**3 + v - v**3 - 7 - r*v**3. Suppose 12*h = -3*h - 0*h. Give t(h).
-7
Let s(d) = d + 18. Let u be s(-16). Suppose -3*j - 13 = -h, -3*h - 4 = -6*h + u*j. Let x(f) = f**3 + f**2 - 3*f - 3. Calculate x(h).
-1
Let a(w) = 5*w + 2. Let u(m) = -4 - 14*m + 12*m + 1 - 18*m**2 + 39*m. Let o be u(2). Determine a(o).
-3
Let v(s) = -16*s**2. Suppose -4 = u - 32. Suppose 35*k - 7 = u*k. Give v(k).
-16
Let b(d) be the second derivative of -d**5/10 - 17*d**4/12 - 2*d**3/3 + 5*d**2 + 2*d + 600. Calculate b(-8).
-22
Let m be 0/((-5)/(-5) - 3). Suppose -5*l - 30 = -m*l. Let p(o) be the first derivative of o**2/2 + o + 18. Calculate p(l).
-5
Let u(m) = 7 - 1078*m + 1068*m + m**2 - 9. Determine u(11).
9
Let q(n) = n**2 + 86*n + 890. Let w be q(-12). Let x(y) = -6*y**2 + 6. Determine x(w).
-18
Let b(q) be the third derivative of -1/6*q**3 + 0*q**4 + 0*q - 11/120*q**6 + 0*q**5 + 0 - 128*q**2. What is b(1)?
-12
Let p(f) = -2*f**2 + 15*f + 198. Let m be p(-6). Let c(w) = -4*w + 145. Calculate c(m).
1
Let r(d) be the first derivative of d**3/3 + 4*d**2 + 2*d - 2. Let m(x) = -152*x - 5177. Let q be m(-34). Calculate r(q).
11
Let g = -280 - -284. Suppose 13*y + 19 = 15*y - 3*t, -4*t = -g. Let n(s) = -s**3 + 10*s**2 + 9*s + 15. Calculate n(y).
-7
Let g(m) = -19*m - 1. Let n = 282 + -714. Let c = n - -433. What is g(c)?
-20
Let x(t) = 7252 + 10*t - 4*t - 7205 - t**2. Calculate x(11).
-8
Let g(f) = f**3 - 2*f**2 - 3*f + 6. Let m = 34344 + -34346. What is g(m)?
-4
Let q(i) = -203*i**3 - i**2 - i + 1. Let c(f) = 610*f**3 + 10*f**2 + 7*f - 9. Let k(l) = -c(l) - 3*q(l). Let a(z) = -4*z + 2. Let v be a(2). Calculate k(v).
-6
Let o(w) be the second derivative of w**4/12 - 16*w**3/3 + 137*w**2/2 - 6*w - 3. Let a be o(5). Let s(l) = -2*l**3 + 3*l**2 - l - 1. What is s(a)?
-7
Let m(x) = 9*x + 460. Let j(d) = -8*d - 383. Let p(n) = 6*j(n) + 5*m(n). Determine p(5).
-13
Let t(y) be the second derivative of -y**5/20 + y**4/3 + y**3 + 7*y**2/2 - 4*y - 81. Determine t(4).
31
Let p(k) = k**3 + 3*k**2 + 10*k + 18. Let y be p(-2). Let x(d) be the second derivative of -7/2*d**y + 1/12*d**4 + 9*d + d**3 + 0. Determine x(-6).
-7
Let c(p) = 109 + 3*p - 160 + 72. Give c(-10).
-9
Let c(a) = 28*a + 111. Let o be c(-22). Let j = -510 - o. Let n(m) = m**3 + 4*m**2 - 4*m - 4. Determine n(j).
-9
Let g be (0/2)/(2 + -4). Let v(h) = -12*h**2 - 7*h + 34. Let j(z) = -7*z**2 - 4*z + 16. Let a(o) = 7*j(o) - 4*v(o). Determine a(g).
-24
Suppose -2*i = -4*a + 196, -27*i - 98 = -2*a - 30*i. Let t be 120/(-21) - ((-329)/a + 7). Let m(b) = b**2 + 4*b - 13. Calculate m(t).
-1
Let k(p) = -p**2 + 12*p + 15. Let x(u) = -3*u**2 - 21*u - 5. Let l = -150 - -144. Let b be x(l). Calculate k(b).
2
Let f(b) = -b**2 + 3*b. Suppose 5*h - 1575 = -0*h. Suppose 2*s - 8*g + 125 = -9*g, 5*s + h = -2*g. Let r = s + 69. Calculate f(r).
-4
Let o(r) = -6*r**2 - r + 4*r - r**3 + 10 + 7*r. Suppose -141*b + 6 = -143*b. Let p be b - 8*(-2)/4*-1. Give o(p).
-11
Let f(p) be the third derivative of 1/3*p**4 + 0 - 3/20*p**5 + 1/120*p**6 - 77*p**2 + 0*p**3 + 0*p. Calculate f(8).
0
Let y(z) = -z**3 + 11*z**2 + z - 5. Let w = 144 + -148. Let q be (-651)/(-62) + (-2)/w. Calculate y(q).
6
Let b(z) = -z**2 - 8*z + 2. Let d(w) = 2*w**2 + 39*w + 13. Let t(k) = -3*b(k) - d(k). What is t(14)?
-33
Let a(d) = d**3 - 5*d**2 + 7*d - 4. Suppose -5*j + 22 = -4*i, j + 3*i = -9 + 2. Suppose 0 = 2*k - 10, 4*k - j*k = -5*q + 50. Let z = -4 + q. Calculate a(z).
8
Let n(f) = -f**3 - 21*f**2 - 51*f + 60. Let k be n(-18). Let x(u) be the third derivative of 1/12*u**4 + 0*u + 0 - 7/6*u**3 - k*u**2. Determine x(5).
3
Let h(k) = 4*k + 2. Let f(x) = -x**2. Let i(q) = 5*f(q) - h(q). Suppose 96 = -2*d - 23*a, 56 = -a + 52. Give i(d).
-14
Let n be 819/49 + (-4)/(-14). Let t(x) = -5*x - 4*x + 5 - 6 + 2*x**2 + n*x. Calculate t(-6).
23
Suppose -286 + 294 = 4*j. Suppose -j*z - 4*z = -z. Let c(w) = w + 17. Give c(z).
17
Let u = 14773/2 - 7382. Let c(b) be the first derivative of 10/3*b**3 + 7 - 1/4*b**4 - u*b**2 - b. Give c(9).
-1
Let o = 369 + -225. Let h(t) = -2 - o*t**3 + 145*t**3 + 5*t**2 + t + 1. Calculate h(-4).
11
Let j = -19399 + 19393. Let f(h) = -h**3 - 8*h**2 - 10*h - 18. What is f(j)?
-30
Let h(o) = -o**2 + 2*o - 1. Let l(x) be the third derivative of 7*x**5/60 - x**4/3 + x**3/6 + 2*x**2 - 2*x. Let p(f) = 6*h(f) + l(f). Determine p(-5).
0
Let c(u) be the first derivative of -u**4/4 + 10*u**3/3 - 9*u**2/2 + 3*u + 127. Let i be (-148)/(-16) + 25/(-100). Give c(i).
3
Let t(l) be the third derivative of l**4/24 + 5*l**3/3 - 36*l**2 + 6. Let p be (-33)/22*(-20)/6. Suppose p*g - 6*g = 7. What is t(g)?
3
Let y(j) = -1110*j - 1115. Let t be y(-1). Let b(q) = 5*q - 4*q - 7 + 2*q - 4*q. What is b(t)?
-2
Suppose -7*k + 15*k = -112. Let s(y) = 2*y**2 + 27*y - 19. Determine s(k).
-5
Let f(z) be the third derivative of -z**5/60 - z**4/4 + 5*z**3/2 + 2297*z**2. Calculate f(-8).
-1
Let b(r) = r**3 + 5*r**2 - 5*r + 11. Suppose 13*t - 31*t = -10*t. Suppose t*q + 3*q + 2*g = -28, -1 = q - g. Determine b(q).
5
Let x(r) = 11*r**2 - 7*r + 11. Let i(b) = 7*b**2 + b + 5. Let d(m) = 15*m**2 + 4*m + 10. Let g(a) = 2*d(a) - 5*i(a). Let n(w) = 7*g(w) + 3*x(w). What is n(-2)?
-10
Let s(v) = 11*v - 7*v**2 + 17*v + v**3 - 31*v + 31. Let g be s(7). Let d(p) = -2*p + 20. Give d(g).
0
Let j(r) = -r**3 + 4*r**2 + r. Let t(s) = -4*s**3 + 18*s**2 + 3*s + 9. Let b(a) = -5*j(a) + t(a). Calculate b(-2).
-3
Let n = 211 + -214. Let d(x) = -2*x + 9. Let i(p) be the third derivative of -p**4/24 + 5*p**3/6 + 8*p**2. Let q(r) = 3*d(r) - 5*i(r). What is q(n)?
5
Let q(m) = m**3 - m**2 - 2*m - 12. Let a = 15742 - 15739. Give q(a).
0
Suppose -4*c + 63 = -37. Let p(z) = -z - c + 8 + 16 + 18. Determine p(8).
9
Let v(o) = o**2 - 3*o - 51. Let j be v(-6). Let f(n) = -103*n + 94*n + 4*n**2 + 6 - j*n**2. What is f(9)?
6
Let d(h) = h**2 - 7*h + 10. Let b be d(5). Let g(f) = -6 - f - 1 - f**3 + 18. What is g(b)?
11
Let b(s) = s**3 + s**2 - s + 1. Let l(o) = 3*o**3 + 7*o**2 + 2*o + 1. Let t(a) = -2*b(a) + l(a). Suppose 76*v - 102*v = 130. Calculate t(v).
-21
Let f(o) = o. Let m(j) be the third derivative of -j